mon factor of 138 and w.
69
Let h be -8*(-17 - -3)/(10/640). Calculate the highest common divisor of 7 and h.
7
Let r(g) = 3*g**3 - 77*g**2 + 181*g + 23. Let l be r(28). Calculate the greatest common factor of l and 149.
149
Suppose 3*n = -2*f + 5268, 5*f - 12*n = -15*n + 13188. Suppose -58*q = -52*q - f. Calculate the greatest common divisor of 40 and q.
40
Let n = 46 + -27. Let f(a) = a**3 - 18*a**2 - 18*a - 21. Let l be f(n). Let i be l/(8/(-52) + 0). Calculate the greatest common divisor of 13 and i.
13
Let y = 132 + -85. Suppose 3*f - 37 = y. Calculate the highest common factor of f and 42.
14
Let s be 102/5 - (-1 + 14/10). Suppose -s*c + 22*c - 84 = 0. What is the greatest common divisor of 21 and c?
21
Let n be 12/54 + -3 + -1 + (-55706)/(-18). Calculate the highest common factor of 44 and n.
11
Let p be (6 - 2 - 0) + (-9 - -2). Let v(y) = 2*y**2 - 6*y + 4. Let i be v(p). What is the greatest common factor of 440 and i?
40
Let a = 229 + -234. Let q be (18/(-2) + 7)*4*a. Calculate the greatest common divisor of q and 224.
8
Suppose -b + 8 = 4. Suppose 0 = -b*f - 19 + 31. Suppose 23 = 4*t + 4*r - 161, -t + 56 = -4*r. What is the highest common factor of t and f?
3
Suppose -83 = -8*r + 29. Suppose r*i + 4*b + 20 = 19*i, -3*i - 2*b = -34. Calculate the highest common divisor of i and 232.
8
Suppose 4*p - 15 = -0*i - 3*i, 20 = 4*p + 4*i. Suppose -4*m + 9 + 7 = p. Let f(g) = -24*g - 4. Let q be f(-2). Calculate the highest common divisor of m and q.
4
Let p = -1557 - -2493. Let q be (p/(-780))/((-2)/220*3). Calculate the greatest common factor of 77 and q.
11
Let m = -158 + 153. Let j(r) = r**2 + 3*r. Let n be j(m). Let z(o) = o**2 + 13*o + 10. Let h be z(-13). Calculate the highest common factor of h and n.
10
Let d be 2 + 3/3 + 0. Suppose d*g - 4*b = 22, 7 - 3 = 2*b. Calculate the highest common factor of 40 and g.
10
Suppose 20*z - 6772 - 10608 = 0. What is the highest common factor of z and 316?
79
Let m = 2 - 1. Let b = 5857 - 5831. Let u be ((-9)/(-18))/(m/b). What is the highest common divisor of u and 117?
13
Suppose 4*x + 11*r - 9*r = 430, 2*x = r + 225. Let a(d) = d**2 - 8*d + 15. Let w be a(-17). Calculate the greatest common divisor of x and w.
110
Suppose -4574*a + 4498*a = -245024. Calculate the greatest common factor of a and 416.
104
Let u = -103 + 191. Let m(d) = -d**2 - 78*d - 1199. Let y be m(-33). Calculate the highest common divisor of y and u.
22
Let m be -2*(12/18 + (-10)/6). Suppose m = 6*t - 130. What is the highest common factor of t and 143?
11
Let g be ((6 - 3) + -1150)/(55/(-55)). What is the greatest common factor of 74 and g?
37
Suppose -43*q - 4*z + 1270 = -38*q, 762 = 3*q - 2*z. What is the highest common factor of q and 2?
2
Suppose 30*i = -34*i + 1984. Calculate the greatest common factor of i and 6169.
31
Let c = -1137 - -1146. Calculate the highest common factor of 59 and c.
1
Let q(v) = 291*v + 113. Let l be q(1). Calculate the highest common divisor of 2525 and l.
101
Let w(i) = 69*i**3 - 4*i**2 + 16*i - 29. Let t be w(3). Calculate the highest common divisor of 142 and t.
142
Suppose 4*q + 2*y - 66 = 0, -237*q + 95 = -232*q + 5*y. Let r = -177 - -296. What is the highest common divisor of r and q?
7
Let v be 396*(26/4)/13. Let w = 62 + v. What is the greatest common factor of 20 and w?
20
Let l be 10/15 + 2/(-3). Suppose l*i + 4*f - 40 = -i, 3*f + 160 = 4*i. Suppose 98*u - 332 = 158. Calculate the greatest common factor of i and u.
5
Suppose -4*n - 384 = -7*n. Let q be (-32)/(-12) + -2 + 89/(-3). Let t = n + q. Calculate the greatest common divisor of 11 and t.
11
Suppose -36 = -4*t - 6*t + 24. What is the greatest common factor of 1662 and t?
6
Suppose 0 = 46*x - 42*x + 332. Let k = x + 161. What is the highest common divisor of k and 6?
6
Let u = 344 - 197. Suppose -5*h - 5*y + 245 = 0, 6*h - 3*h = -4*y + u. What is the highest common factor of h and 14?
7
Let p(x) = 166*x + 1164. Let l be p(-7). Let a be (44/6)/((-1)/(-9)). Let t be a + l/(-1) - (-20 - -19). What is the highest common divisor of t and 26?
13
Let g = 312 + -27. Suppose u + f = 57, g = -u + 6*u - f. Calculate the greatest common factor of 9 and u.
3
Let k = 54 + 268. Suppose 98 = 12*q - k. Calculate the highest common divisor of q and 5.
5
Let s be ((-18)/2)/9*(16 - 1). Let p(c) = -23*c - 51. Let d be p(s). Calculate the highest common divisor of 168 and d.
42
Suppose 28148 = 4*g - 5*b, -g - 3*b + 8311 = 1274. What is the highest common factor of 31 and g?
31
Suppose 1581 = -14*s + 19*s + o, 5*s - 1593 = -3*o. Calculate the highest common factor of s and 1785.
105
Let c be (-2)/3 - (-35)/21 - -137. Let m be (c/18)/(5/240). Calculate the greatest common divisor of 16 and m.
16
Suppose 0 = 295*k - 337*k - 996 + 11958. Calculate the highest common factor of k and 7279.
29
Let y be ((-544)/(-24))/((-2)/(-9)). Let l(g) = -2*g + 35. Let x be l(11). Suppose x*o - 131 = 90. What is the greatest common divisor of o and y?
17
Suppose -34*a = -56*a + 8470. Let d = 452 - 221. Calculate the greatest common divisor of a and d.
77
Suppose -3*x + 5*z = 4*z - 8, -3*x - 5*z + 14 = 0. Suppose 2*b + 12 = 8, 4*j - 186 = x*b. What is the highest common factor of 135 and j?
45
Let c = 796 - 289. Suppose 150*d - 137*d = c. What is the greatest common factor of d and 91?
13
Let o = -113 + 118. Let c(k) = -k**3 + 4*k**2 + 8*k - 3. Let v be c(o). Calculate the highest common divisor of v and 228.
12
Let d(u) = 29*u + 58. Let f be d(-2). Let w be (-19)/(-4) - (f - 15/(-20)). What is the highest common factor of w and 74?
2
Let i(z) = 4*z**3 - 103*z**2 - 43*z - 66. Let y be i(28). Calculate the highest common divisor of 22 and y.
22
Let p(z) = 36*z - 191. Let y be p(6). Suppose -2*a - 2645 = -y*a. Calculate the highest common factor of a and 20.
5
Let w be 30*(11/(-33))/(2/(-9)). Suppose -w = 3*s + 5*a, -4*s + 14 = -6*s + 2*a. Let l = s + 28. What is the highest common factor of 6 and l?
6
Let j(t) = 13*t + 192 - t**3 - 172 - t**3 - 7*t**2. Let g be j(-7). Calculate the highest common factor of 17 and g.
17
Let k = 1027 - 1021. Let g(t) = t. Let z(o) = 5*o - 2. Let f(x) = -6*g(x) + z(x). Let s be f(-11). Calculate the highest common factor of k and s.
3
Let t be (-42)/9*(-6)/(-4)*-2. Let k(n) = 5*n - 4 + 6*n**3 + 13*n**2 - 6*n**3 - n**3 + 5*n. Let l be k(13). What is the highest common divisor of l and t?
14
Let x(j) = 2672*j**2 + 2584*j + 2. Let f be x(-1). Suppose -d + 6*m - m + 35 = 0, 3*d = -2*m + 20. What is the greatest common divisor of f and d?
10
Let d be 12 + -1 - (5 - (-24)/(-3)). Suppose d*o = 6*o + 80. Suppose 0 = 2*m + 10 - 18. What is the greatest common factor of o and m?
2
Let s be 11194/174 + (-4)/3. Suppose -s + 175 = 4*h. What is the highest common factor of 21 and h?
7
Let k = 4172 + -4152. Let t(m) = -m + 16. Let j be t(6). Calculate the greatest common factor of j and k.
10
Let x be 3/(4/(-26) - (-163)/806). Let t = 74 - x. Suppose 3*f - 15 = -3*a + 156, -3*f - 2*a = -174. Calculate the highest common factor of t and f.
12
Let k(j) = 2*j**2 - 100*j + 808. Let r be k(40). Calculate the highest common factor of r and 1352.
8
Suppose 2*q = 2*v + 7360, q - 3675 = -12*v + 8*v. What is the highest common divisor of q and 13?
13
Let j(x) = -5*x + 141. Let h be j(27). Suppose -36 = -5*d + 44. Suppose -h*w = 10 - d. Calculate the highest common factor of 5 and w.
1
Let g be (140/(-6) + 2 + 0)*7890/(-2104). Calculate the greatest common factor of g and 6128.
16
Suppose -8*v - 30 = -94. Suppose s = v - 26. Let n be (-224)/12*s/21. Calculate the highest common divisor of 16 and n.
16
Let w be ((-15)/(-18))/((-2126)/(-708) + -3). What is the greatest common divisor of w and 25?
5
Suppose 79*w = 5982 + 18416 + 4200. What is the greatest common factor of w and 10?
2
Let u = 1898 - 1849. Let y(q) = -6*q + 1. Suppose 5*i = -x - 0 - 11, 0 = 2*x + 4*i + 10. Let n be y(x). Calculate the greatest common factor of n and u.
7
Let v(k) = -k**3 + 10*k**2 - 2*k + 25. Let u be v(9). What is the greatest common divisor of u and 2398?
22
Let z be (-1 - 53)*(2 - 21/9). Suppose z*b - 1768 = -8*b. Calculate the highest common factor of b and 8.
4
Let x = -33154 - -49412. What is the highest common divisor of 22 and x?
22
Let a(f) = 3*f**2 - 119*f + 2639. Let h be a(34